. What is b(-4)?
-10
Let l = 35 - 31. Let v(b) = -2*b + 4. Give v(l).
-4
Let x be 3/(-15) - 38/10. Let y(w) be the second derivative of w**3/2 + 5*w**2/2 - 6*w. Give y(x).
-7
Let h = 28 - 33. Let p(q) = -q**3 - 5*q**2 - 2*q - 6. Calculate p(h).
4
Suppose -24*j = -28*j - 16. Let i(q) = -q**2 + q - 1. Let a(f) = -2*f**2 - 4*f + 2. Let y(o) = a(o) - i(o). What is y(j)?
7
Let w(u) = -9 - u + 2 + 2*u**2 - 2*u + 3. Calculate w(3).
5
Let l(m) = m**3 - m**2 - 3*m - 1. Let c(f) = -2 - 4 - 6 - 2*f + 5*f + f**2. Let t be c(-5). Calculate l(t).
-7
Let g(k) = k - 5. Let j(f) = f**2 - 6*f - 7. Let y be j(7). Determine g(y).
-5
Let q(m) = -7*m**2 + 9*m + 7. Let v(w) = 4*w**2 - 5*w - 4. Let s(f) = 3*q(f) + 5*v(f). Let l(y) = y**2 + 8*y - 2. Let n be l(-8). Calculate s(n).
-7
Let l(v) = -6*v - 1. Suppose 0 = 3*a - p - 18, a + p + 1 = -p. Suppose 3 = a*j - 2. Determine l(j).
-7
Suppose 4*q + 14 - 2 = 0. Let l = q - -5. Let i(f) = -2*f**2 + 41*f + 0*f**2 - 1 - 41*f. What is i(l)?
-9
Let r(l) be the third derivative of -l**6/120 + l**5/60 + l**4/6 + l**3/6 + 4*l**2. Determine r(3).
-5
Let j(w) be the second derivative of -w**5/20 - 5*w**4/12 - w. Determine j(-5).
0
Let u(k) = 1. Let d(j) = -j + 1. Let v(h) = -d(h) + 5*u(h). Calculate v(-9).
-5
Suppose 112 = 3*u + 2*i, -2*u + 70 = 2*i - 6. Suppose 5*t - t - 5*v - u = 0, 5*t = -v + 16. Let n be (-4)/2 + t + -2. Let b(a) = a + 2. Calculate b(n).
2
Let n(r) = r + 3. Let f(i) = -i - 3. Let o(d) = -3*f(d) - 4*n(d). Let q(c) = -c**3 - 6*c**2 + 8*c + 9. Let u be q(-7). Let y be -3 - (u + 2*-1). What is o(y)?
0
Let p(z) be the second derivative of -z**4/12 + 7*z**3/6 + 3*z**2 - 9*z. What is p(8)?
-2
Let r(i) = i**3 - i**2 - i - 1. Let p be r(-1). Let v(w) = -1. Let o(m) = m - 2. Let t(g) = p*v(g) - o(g). Calculate t(5).
-1
Let c(f) = 11*f**2 + 11*f - 5. Let b(o) = 6*o**2 + 5*o - 2. Let x be 0 - (0 - 2) - 1. Let n be 0 - (8*1 - x). Let w(p) = n*b(p) + 3*c(p). What is w(-1)?
-8
Let g(f) = -f**3 + 5*f**2 - 4*f + 4. Let y be g(4). Let s(q) be the first derivative of -q**3/3 + 3*q**2/2 - 2*q + 1. Give s(y).
-6
Let k(d) be the first derivative of 2*d**4/3 + d**3/6 - d**2/2 + 4. Let u(c) be the second derivative of k(c). Calculate u(-1).
-15
Let h = 12 - 7. Let a(l) = -l**2 + 4*l. Let f be a(3). Let p(q) = -f + 0*q - q + 2*q. Calculate p(h).
2
Let b(j) = -j**3 - 3*j**2 + j + 1. Suppose -5*m + v + 72 = -2*v, 3*v - 48 = -3*m. Let p = m + -19. What is b(p)?
13
Let t(x) be the third derivative of -x**5/60 - 3*x**2. Calculate t(-2).
-4
Let u(t) = 2*t**2 + t**2 + t + 998 - t**3 - 995. Calculate u(3).
6
Let d(l) = -l**2 + 2. Let t be d(0). Let q = t + 0. Let j(m) = -2 + m - 1 - m**2 + 4*m. Calculate j(q).
3
Let y(n) = -4*n**2 - 2*n - 3. Let f(j) = j**2 + j + 1. Let w(c) = -c + 3. Let p be w(0). Let m(g) = p*f(g) + y(g). Calculate m(3).
-6
Suppose 0*w = -3*c + 2*w - 65, 2*c = 4*w - 46. Let n = c - -22. Let a(k) = -7*k**2 - k. Calculate a(n).
-8
Let s(v) = 3*v**2 - 12 + 3*v + 22 - 6 - 2*v**3. Give s(3).
-14
Let a(f) = f**3 + 7*f**2 - 9*f - 4. Let b be a(-8). Let m(q) = 2 + 2 - b - 8 + q. Determine m(0).
-8
Let u(h) be the first derivative of -4*h**3/3 + h**2/2 + 6. Calculate u(-1).
-5
Let i(l) = -91*l**3 + 26*l**2 + 26*l. Let s(w) = -10*w**3 + 3*w**2 + 3*w. Let y(f) = 3*i(f) - 26*s(f). Suppose 0 = 4*a - 1 - 3. Give y(a).
-13
Let v(j) = 20*j - 3. Let h(u) = -41*u + 7. Let c(p) = -2*h(p) - 5*v(p). Calculate c(1).
-17
Let s(p) = -p - 1. Suppose -5 = 2*j - 1. Let w be j - 1/(-2)*2. Determine s(w).
0
Let n = 13 - 9. Let z(l) = -l**2 + 4*l + 4. Give z(n).
4
Let z(k) = k**3 - 6*k**2 + 2*k + 2. Suppose 2*p + 4*b = 2, b - 2*b + 14 = 5*p. Let j(x) = 2*x**2 - 3*x - 4. Let l be j(p). Calculate z(l).
-13
Let y(h) = h**2 + 6*h - 2. Let j be -1*-3*(-2)/6. Let r be 56/20 - j/5. Suppose -r*f = 5*z + 5, 4*f - 5 = z - 27. Determine y(f).
-7
Let u(k) be the second derivative of k**5/20 + 5*k**4/12 - 7*k**3/6 - 3*k**2 - k - 2. What is u(-6)?
0
Let t(o) = o**2 - 19*o - 25. Let j be t(20). Let w be -2*2*1/(-2). Let n(l) = -2*l**w - 4 - 7*l + l**2 + 0. Calculate n(j).
6
Let t(w) be the third derivative of 11*w**2 + 1/6*w**3 + 0*w - 1/12*w**4 + 0. Calculate t(4).
-7
Let i(f) = f**2 - f - 2. Let q be i(3). Let a(b) = 3*b - 2*b - q*b. What is a(3)?
-9
Let u(n) = -2*n**3 + n**2 - 2. Let a(c) = -c**3 - c**2 + 2*c - 2. Let b be a(-2). Calculate u(b).
18
Let d(v) = v. Let t(u) = -4. Let b = -2 + 5. Let j(n) = b*d(n) + t(n). Give j(4).
8
Let v(s) = -7*s**2. Let i(c) = c + 4*c**2 + 0*c**2 - 2*c + 1 - 3*c**2. Let w be i(0). Calculate v(w).
-7
Let r be 4/12 - 34/(-6). Suppose 7*k = 3*k + 24. Let v = k - r. Let u(m) = -m - 5. Determine u(v).
-5
Let h(x) = -x**2 - x + 3. Suppose 5*j = 2*u + 6, -3*u - 9 = -0*j + j. What is h(j)?
3
Let r(k) = k**3 + 4*k**2 + 4*k + 1. Let f(i) = 3*i**3 + 12*i**2 + 13*i + 4. Let o(w) = 2*f(w) - 7*r(w). Let a = 66 + -68. Determine o(a).
-3
Let q(g) = -20*g**2 + 14*g + 12. Let p(l) = 7*l**2 - 5*l - 4. Let o(y) = 17*p(y) + 6*q(y). Let t = 10 - 6. Suppose -r = t*r. What is o(r)?
4
Let a(v) be the second derivative of v**4/12 + v**3/6 - v**2 + 31*v. Determine a(0).
-2
Let l be (-3)/9*-3*1. Let s(f) = 51*f**2 + 10*f - 16. Let b(g) = -10*g**2 - 2*g + 3. Let p(h) = -11*b(h) - 2*s(h). Give p(l).
9
Suppose -5 = 5*b + 15. Let p(g) = -2*g**2 - 3*g + 3. What is p(b)?
-17
Suppose 30 = -4*h - h + a, -2*a - 31 = 3*h. Let f = h + 11. Let r(m) = -m. Let c(t) = -t - 4. Let d(z) = -c(z) + 2*r(z). Calculate d(f).
0
Let x(r) be the first derivative of -r**4/4 + 7*r**3/3 + r**2/2 - 7*r + 18. What is x(7)?
0
Let y(q) = -7*q**3 - 2*q**2 + 2*q - 1. Let o(s) = s**3 - 5*s**2 + 4*s + 1. Let g be o(4). Give y(g).
-8
Let m be (-6)/(-42) + (-36)/7. Let y(x) = x**3 + 6*x**2 + 7*x + 5. What is y(m)?
-5
Let y(n) be the first derivative of -n**4/4 + 5*n**3/3 - 5*n**2/2 + 3*n + 1. Let t(b) = -b + 6. Let w = 31 - 28. Let p be t(w). Calculate y(p).
6
Let b(j) be the second derivative of j**5/20 + j**4/2 + 2*j**3/3 - 3*j**2/2 - 9*j. What is b(-5)?
2
Let z(l) = 2*l**2 - 1 - l**2 + 3 - 3*l. Let d = -268 - -270. What is z(d)?
0
Let h(i) = 3*i**3 + 3*i + 1. Let k(o) = 4*o**3 - o**2 + 4*o. Let u(b) = 5*h(b) - 4*k(b). Let m(g) = -2*g - 8. Let c be m(-6). What is u(c)?
1
Let g(n) be the third derivative of -7/3*n**3 - n**2 + 0 - 7/12*n**4 + 0*n - 1/60*n**5. Let d be g(-13). Let l(m) = -8*m**2 - m - 1. Calculate l(d).
-8
Let g(o) = o**3 + 6*o**2 + 4*o. Let n = -10 + 5. Let k be g(n). Let t(y) = -4*y + 3*y - y - 8 + 3*y. Calculate t(k).
-3
Let f(i) be the second derivative of 0 + 1/12*i**4 - 7*i + 11/2*i**2 - 1/6*i**3. Determine f(0).
11
Let m(s) = -56*s + 6*s**2 - 2 + 51*s - 3*s**2 + s**3 + s**2. Calculate m(-5).
-2
Let m be 10/6*-1*3. Let k(y) = 1 + 0*y - 7 - 3*y. Determine k(m).
9
Let l be -20*(-2)/4 + 2. Let v(j) = -7 - l + 5*j + 21 + j**2 - 9. Calculate v(-6).
-1
Let z(k) = -62*k**2 + 0 + 1 + 58*k**2 + 0. What is z(1)?
-3
Let j(r) = 2*r**2 + 24*r - 27. Let u be j(-13). Let o(c) = -2*c**2. Determine o(u).
-2
Let w(x) = x**2 - 3 - 5*x - 5*x + 5*x. Suppose -3*t = -2*r - 27, t - 4*r - 26 = -t. Let y = t + -3. Give w(y).
-7
Let d(b) = -b - 1. Let m(p) = 11*p. Let y(r) = 6*d(r) + m(r). What is y(4)?
14
Let g(t) = -t**3 + 3*t**2 - 3*t + 4. Let p(n) = -n**2 - 8*n - 4. Let l be p(-7). Give g(l).
-5
Let c(b) = -4*b - 8*b + 2 + 14*b. Determine c(2).
6
Let g be 2/4 - (-33)/6. Let t(l) = -2*l + 0*l**2 - l**2 + 7*l. Determine t(g).
-6
Suppose -s - 4 = -3*s. Let b = -13 + 18. Let d(c) = -2*c + 3 + c - c**s - b*c. Calculate d(-4).
11
Let p be -1 + -1 + 1 - -4. Let o be (1/3)/(p/45). Let n(w) = -w**2 - o + 0*w - w - 6*w. Determine n(-5).
5
Let r(y) = -y - 13. Let i(k) = -6*k - 66. Let b(m) = -4*i(m) + 21*r(m). Calculate b(8).
15
Suppose s = 2*s + 3*x + 9, 3*s - 2*x - 17 = 0. Let c(o) be the third derivative of -o**4/6 + o**3/2 + o**2. Give c(s).
-9
Let s(p) = -9*p - 5. Let x(c) = -5*c - 2. Let m(u) = 3*s(u) - 5*x(u). Let g be (-400)/22 + (-6)/(-33). Let n = 13 + g. Determine m(n).
5
Suppose -16 = -2*h + 22. Let t = h - 39. Let n be (-6)/27 + t/(-9). Let y(z) = -3*z. Calculate y(n).
-6
Let j(u) = -u**3 + 4*u**2 + 5*u - 4. Let o(r) = 3 - 4*r**2 + 3*r**2 - 4*r - 3*r - 4. Let l be o(-6). Calculate j(l).
-4
Let v(p) = -4*p + 1 + 6*p + 2 + 2*p. Calculate v(5).
23
Suppose -i + 3*a + 17 = -3*i, -10 = 2*a. L